Let z(j) = -9*j**3 + 10*j**2 - 3*j - 6. Let p(b) = -2*b**3 + b**2. Let h(x) = q*p(x) - z(x). Calculate h(-6).
24
Let m(o) = 2*o**3 + 7*o**2 + 10*o + 13. Suppose 8002 = 7*h + 8023. Calculate m(h).
-8
Let z(s) = -s - 22. Let y(h) = 94*h + 1301. Let o be y(-14). What is z(o)?
-7
Suppose -9*z + 66 = 13*z. Suppose z*a - 19 = 2*w, 0*w - 23 = -3*a + w. Let g(n) = -n**2 + 11*n + 4. What is g(a)?
22
Let c(s) = 25*s - 10 - 21 + 36 + 53 + 217. What is c(-11)?
0
Let z(t) be the third derivative of -t**4/12 + 5*t**3/2 + 6*t**2 - 10816*t. Let j(q) = -2*q - 4. Let m be j(-6). What is z(m)?
-1
Let y(g) = -25*g - 1. Let x(a) = 318*a - 94. Let q(n) = -x(n) - 13*y(n). Determine q(-13).
16
Let j(l) = -8*l - 3*l**3 - 10*l**2 + 0*l**2 - 4 + 2*l**3. Let b(x) = x**2 + 327*x - 667. Let g be b(2). Determine j(g).
-13
Let y(b) = 4*b**2 + 1 - 5*b**2 - b**3 - b + 0*b**2. Let w = 622 + -625. Determine y(w).
22
Let a(b) = -b - 126 + 37 + 97. Give a(-5).
13
Let p = -225 + 251. Let h = -43 - -21. Let l = p + h. Let c(q) = -q - 1. Give c(l).
-5
Let d(u) = u**2 - 4*u. Let q = 156 + -136. Suppose -8*h = -3*h - q. What is d(h)?
0
Let q(k) = k**3 + 8*k**2 - 6*k - 3. Let r(x) = -x**3 + 10*x**2 + 34*x - 129. Let m be r(12). Determine q(m).
-30
Let y = 11 - 7. Let s(c) = -4 + 0*c + 5*c**3 + c - 3*c**2 - y*c**3. Let z be ((-1)/1)/(2/(-6)). Calculate s(z).
-1
Let v(c) = -1 + 100*c + 0 + c**3 - 100*c. Let t(n) = 24*n + 481. Let l be t(-20). Calculate v(l).
0
Suppose g - q + 507 = 0, -2*g = -7*q + 9*q + 1018. Let t = g - -502. Let v(f) = f**3 + 6*f**2 + 5*f - 4. Calculate v(t).
-34
Suppose 3 + 1 = 5*k - 2*t, -2*t + 6 = 0. Let l(a) be the first derivative of -2*a**3/3 - 2*a - 6685. Give l(k).
-10
Suppose -34*t = -38 - 98. Let j(c) = -17*c + t*c + 7*c + 5*c. What is j(-9)?
9
Suppose 2*p = 3*t + 24, 190*t - 194*t = 2*p - 24. Let j(h) = 2*h**3 - 25*h**2 + 11*h - 7. Calculate j(p).
-19
Let h(j) be the second derivative of j**4/24 - 3*j**3/2 - 31*j**2/2 - 2*j + 19. Let r(q) be the first derivative of h(q). Determine r(4).
-5
Suppose 12 = 3*g + 3*c, -21*g + 19*g + 11 = 3*c. Let j(l) = -7*l**3 - l**2 + 2*l - 1. Calculate j(g).
-7
Let n(v) = -v**2 + 19*v + 12. Suppose 3*x + 22*i - 23 = 26*i, 2*x + 5*i = 46. Calculate n(x).
90
Let w(l) = -12*l - 1. Suppose 29*f - 112 = 1142 + 428. Let v = 26 - 85. Let z = f + v. Give w(z).
11
Let q(r) = -21*r - 254. Let c = -21600 + 21588. Determine q(c).
-2
Let o(a) = -899*a + 2706*a - 907*a - 895*a + 27. Calculate o(-3).
12
Suppose 3*l - 7*l + 36 = 0. Let b(n) = -n + 2. Let y(g) = -2*g + 3. Let z(u) = 3*b(u) - 2*y(u). Give z(l).
9
Let j = 241 + -236. Suppose -j*y = s + 29, -s + 3*y - 7*y = 25. Let m(c) = c**3 + 2*c**2 + 11*c**2 - 4*c**2 + 2 - c. What is m(s)?
11
Suppose -21*c + 34*c - 156 = 0. Suppose 6 = c*q + 18. Let x(i) = 6*i**3 - 1. Determine x(q).
-7
Let f(y) = -y**3 - 32*y**2 - 35*y - 118. Suppose -3*o + 10 = 2*b + 105, 5*b = -2*o - 67. Give f(o).
6
Suppose 2*l - 24 = -2*f, 357*l - 60 = 352*l - f. Let v(d) = 4*d - 48. Calculate v(l).
0
Let v(d) = d + 70*d**2 - 162 + 33*d**2 + 164. Determine v(-1).
104
Let p be 2*4/24 + 22/6. Suppose 3*s - 1 = p*k, -k + 4*k = -5*s - 8. Let q(l) = -1 + 104*l**2 - 208*l**2 - l + 104*l**2 + 3*l**3. Determine q(k).
-3
Let n(a) = 9*a**2 + 4*a - 5*a - 3*a**2. Let f = 1414 + -1415. Let r be (8/(-8))/(1/f). Determine n(r).
5
Suppose -2*o - r - 10 = 0, 20 + 2 = -5*o - r. Let m(h) = -h - 3. Let k(v) = -v + 1. Let g(q) = o*k(q) - 2*m(q). What is g(-2)?
-10
Let h(s) be the third derivative of -3*s + 1/3*s**3 - 1/8*s**4 - 1/120*s**6 - 16*s**2 + 0 + 1/15*s**5. What is h(4)?
-10
Let s(j) = 2*j**3 - 4*j + 1. Let g(m) = -9*m**3 + 2*m**2 + 17*m - 12. Let c(h) = -g(h) - 5*s(h). Determine c(-5).
67
Let k(u) = u. Let s(w) = -5*w + 1. Let q(y) = -4*k(y) - s(y). Let g be (-1)/(9/6)*(-30)/4. Suppose 0 = g*h + 47 - 32. Give q(h).
-4
Suppose -4*z + 17 = -5*d - 1, 5*z - 5*d = 25. Let t(p) = -2 + 20*p - z - 25*p + 7*p. Calculate t(7).
5
Let v(t) = 11*t**2 - 9*t**2 - 11 + 12 - 3*t**2. Determine v(4).
-15
Let q(d) be the second derivative of d**5/20 - d**4/2 - 5*d**3/3 + d**2/2 + 292*d. What is q(7)?
-20
Let p be ((-47)/(6204/(-72)))/((-2)/(-11)). Let a(t) be the first derivative of t**4/4 - 4*t**3/3 - t**2/2 + t + 6. Calculate a(p).
-11
Let w(x) = -92327 - 11*x + 184587 - 92431. Determine w(-15).
-6
Let p(i) = 21*i**2 - i - 1. Suppose 0 = 5331*d - 5318*d + 13. Calculate p(d).
21
Let k(z) = 307 + 11*z**2 - 32*z - 278 + 12*z - 13*z**2. Calculate k(-11).
7
Let k(a) = -6*a + 21. Let n(o) = -5*o + 20. Let z(y) = 4*k(y) - 5*n(y). Let f be z(18). Let v(g) = 0*g**3 + 1146*g**2 - g - g**3 - 1141*g**f. Give v(4).
12
Let i(l) = 74*l - 3 + 2 + 8 + 77*l - 152*l. Calculate i(2).
5
Let q = 5 - 8. Let r(b) be the third derivative of b**4/24 + 2*b**3/3 + 29618*b**2. What is r(q)?
1
Suppose 28*w - 3*w = 325. Suppose -y - 1 = 2*s, 4 = 17*y - w*y. Let k(x) = -32*x - 1. Determine k(s).
31
Let w(o) = -35*o**2 - 2*o - 3. Let a(y) = 2*y**2 + 5046 + y + 0*y - 5045. Let f(j) = 3*a(j) + w(j). Give f(1).
-28
Let t(q) = -9*q**3 - 6*q**2 + 17*q - 10. Let o be t(1). Let s(l) = -l**2 - 8*l + 13. Give s(o).
13
Let p(l) = l - 3. Suppose -3*w - 16 = -11*w. Let k(v) = 4*v - 6. Let t(r) = w*k(r) - 5*p(r). Suppose -7*u + 3*u = 8. What is t(u)?
-3
Let n = 14 - 11. Let q be n + (30 - 3)/(-3). Let s(f) = 2 + 5 - 3964*f + 3965*f. Give s(q).
1
Suppose 20*y = 16*y + 4*q - 20, 0 = 3*y - 6*q - 3. Let g(r) = -r**3 - 12*r**2 - 16*r - 13. Determine g(y).
42
Suppose -5*k + 160 = -w, -2*w + 0*w + 43 = k. Let b(c) be the first derivative of k - 7*c**3 - 1 - 18. Calculate b(-1).
-21
Let k(z) be the second derivative of z**7/840 - z**6/90 - z**5/24 + 5*z**4/24 - 14*z**3/3 - 6*z + 1. Let o(p) be the second derivative of k(p). Calculate o(5).
5
Let m be (0/(-1))/(-6) + 5. Let a(r) = 0*r**2 + 4 - 10*r + r**2 + 3*r - 1. Give a(m).
-7
Let p(k) = k**3 - 14*k**2 + 25*k - 1. Suppose -132*o - 180 = -147*o. What is p(o)?
11
Suppose 4*b - 2009 = -89. Let g = -482 + b. Let x(i) = 10*i**2 + 4*i + 2. Calculate x(g).
34
Let w = -548 - -569. Let v = w - 18. Let r(t) = t**3 - 3*t**2 + 4*t - 1. Calculate r(v).
11
Let v(b) = -512*b + 15 - 3*b**2 + 1006*b + 0*b**2 - 525*b. Calculate v(-11).
-7
Suppose 160*z = 155*z, -3*u = 2*z - 3471. Let d be u/(-169) + (-2)/13 + -1. Let k(j) = 1 - 4*j - j**2 - 4*j - 3. Determine k(d).
-2
Let z(w) be the second derivative of w**3/3 - 9*w**2/2 - 450*w. Let x be ((-6)/8)/(2*1/(-16)). What is z(x)?
3
Let s(y) = y**3 - 9*y**2 - y + 9. Let h be 23 - ((0 - 0) + 5). Suppose -37*j + 39*j - h = 0. Calculate s(j).
0
Let o(q) = 79 + 11*q - 62 - 26 + q**2. Let y(g) = -8*g**2 + 0 + 9 + 4*g + g**3 + 2*g**3 - 2*g**3. Let c be y(7). Determine o(c).
3
Let h(x) = -26*x + 28. Suppose -b + 3*c + 7 = 0, 0 = -b + 2*c + 125 - 120. What is h(b)?
2
Let r(q) be the third derivative of q**6/120 + q**5/20 + q**4/12 + 7*q**3/2 + 7219*q**2. Give r(-4).
-3
Let f(h) = -11*h**2 - 19*h - 15. Let j(c) = 60*c**2 + 94*c + 74. Let w(y) = 11*f(y) + 2*j(y). Calculate w(-17).
51
Let w(j) = 3*j**2 - 73*j + 21*j - 2 + 54*j + 4*j**2 - j**2 + j**3. Let p(l) = 6*l + 1. Let x be p(6). Suppose 0 = 5*c + x - 12. Calculate w(c).
13
Let y(x) = -x - 1 - 2 + 27*x**2 - 28*x**2 - 2*x. Suppose 0 = q + q - 2, -2*t - 5*q + 37 = 0. Suppose r - 12 = -t. Give y(r).
-7
Let l(g) be the second derivative of -g**5/20 + 7*g**4/12 + 11*g**3/6 + 2*g**2 - 63*g - 1. Determine l(8).
28
Let y(o) be the first derivative of -7*o**2/2 + 31*o + 45. What is y(4)?
3
Let v(l) = -20*l - 5. Let k = 1261 + -1266. Calculate v(k).
95
Let t(m) = 6*m - 15*m - 56 + 49 - 24*m**2. Let b(u) = -13*u**2 - 5*u - 3. Let o(c) = 11*b(c) - 6*t(c). What is o(0)?
9
Let o(b) = -b**3 - 11*b**2 - 25*b - 13. Suppose 0 = -173*l - 1898 + 514. Determine o(l).
-5
Let a(g) = -g**2 + 6*g - 4. Let h be 529/(-46) - 1/(-2). Let b(u) = 16*u + 17*u + 5*u - 6*u**2 - 8*u - 21. Let y(n) = h*a(n) + 2*b(n). What is y(-7)?
-5
Suppose -2*y + 4*n - 34 = 0, -17*y + 16*y + 3 = 3*n. Let c be -3 + (y/15)/(4/(-60)). Let x(r) = r**2 - 7*r + 9. Give x(c).
3
Suppose -3*q = 5*b + 10 - 47, 2*b + 3*q = 22. Let v(o) = 40 - 41 - 2*o**3 + b*o**2 + 0*o**2 + 2*o + o. What is v(3)?
-1
Suppose -3*x + 0*x = -33. Let w(p) be the second derivative of p**4/24 - 7*p**3/6 - 41*p**2 - p - 39. Let k(m) be the first derivative of 